3, 5, 59
Let g(l) = l**2 + 3*l + 5. Let n be g(-3). Suppose 17*b - n = 22*b. List the prime factors of ((-4)/4)/b*173.
173
Suppose 2*r + 111 = 165. Suppose -4715 = -32*d + r*d. What are the prime factors of d?
23, 41
Let t = -301 + 355. What are the prime factors of (-3)/1*(-21348)/t?
2, 593
Let t(o) = -1 + 2 + 10 + 7*o + o. Let c be t(11). Suppose -3*d + h = -c, -d + h = -3*d + 61. List the prime factors of d.
2
Suppose 3*b = 16753 - 6811. Let h = b - 1593. What are the prime factors of h?
1721
Let b(h) = h**3 + 5*h**2 - 7*h - 2. Let v be b(-5). What are the prime factors of ((-5)/((-15)/v))/((-1)/(-29))?
11, 29
Let p be (-8183)/(-28) + (4/(-16))/1. Let y = -252 + p. List the prime factors of y.
2, 5
What are the prime factors of (-20)/(-6)*26/(520/2310)?
5, 7, 11
Suppose 0 = -3*s + 37 + 35. Let k = s - 8. Suppose -152 = -2*z + 5*b, -333 = -5*z - 3*b + k. List the prime factors of z.
71
Suppose 12*d - 10*d = -20. Let p = d + 13. What are the prime factors of -2*p/21 - 732/(-14)?
2, 13
Suppose -5*p + 239877 = 4*i, 4*i - 5*p - 236079 = 3708. What are the prime factors of i?
2, 3, 3331
Let t(c) be the second derivative of 202*c**3/3 + 19*c**2 - 21*c - 3. List the prime factors of t(3).
2, 5
Let y = 4191 - -414. What are the prime factors of y?
3, 5, 307
Suppose 4*q + 3*g = 217434, 4*q + 5*g - 9*g = 217448. List the prime factors of q.
2, 3, 5, 151
Let m be ((-7)/(-14))/((-2)/(-24) - 0). What are the prime factors of (m/9)/(25295/(-3615) - -7)?
241
Let u = -25820 + 48162. What are the prime factors of u?
2, 11171
Suppose 17*o - 607355 = -34*o + 16*o. List the prime factors of o.
7, 37, 67
Let q(y) = -y**2 - 11*y - 12. Let a be q(-4). Let x(t) = t**2 + t - 1. Let m(c) = 2*c**2 + 23*c + 29. Let j(f) = m(f) - 3*x(f). List the prime factors of j(a).
2, 3
Suppose 43*h + 224421 = 21*h + 721269. What are the prime factors of h?
2, 3, 941
Let w = 25 - 22. Suppose 0*j = -j - 5*t + 2, -6 = -w*j + 3*t. Suppose -4*a + 0*a + 198 = 3*h, -5*a + 251 = j*h. List the prime factors of a.
3, 17
Let s = -15 + 15. Suppose -2*p = s, -2*k + 2*p = 3*p + 90. List the prime factors of (10*1/3)/((-1)/k).
2, 3, 5
What are the prime factors of (45 - 96)*(-250)/6?
5, 17
Suppose -3*d + 288 = -0*d - 3*a, 4*a - 204 = -2*d. Suppose 2*g - d = -4*p, -2*g + 0 = -p + 22. Let j = p - -18. List the prime factors of j.
2, 3, 7
Let p be 1 + 0 - (-1 + 3786/(-2)). Suppose 5*t - 9*t + 3795 = -5*a, 2*t - 5*a - p = 0. List the prime factors of t.
2, 5, 19
Let d be (27/6 + -5)*2 - 0. Let v(z) = -179*z**3 + 2*z + 3. What are the prime factors of v(d)?
2, 3, 5
Let f(l) = 2*l - 5. Let r be f(6). Suppose 0 = r*a + a - 72. Suppose -4*h + 7*h - a = 0. List the prime factors of h.
3
Suppose 5*h + 5 = 0, -4*a - 2*h = h - 13. Suppose -2*d + 5*f + 457 = 0, a*f = -3*d - 326 + 1046. What are the prime factors of d?
2, 59
Suppose 0 = -19*q + 343616 + 280703 - 137026. What are the prime factors of q?
3, 83, 103
Suppose 0 = 5*r - 2*l + 131, -r + 5*r = -l - 110. Let d = r - -415. What are the prime factors of d?
2, 97
Suppose 0 = y + 1026*w - 1031*w - 30110, 0 = -y + w + 30142. List the prime factors of y.
2, 3, 5, 67
Let w(a) = 1238*a + 359. What are the prime factors of w(1)?
1597
Let t(d) = d**3 - 4*d + 3. Let w be t(2). Suppose 558 = w*f - 192. Suppose 170 + f = 5*s. What are the prime factors of s?
2, 3, 7
Let r be 1/((-5612)/936 - -6). Suppose -j = 5*k - 1206, -k + 2*k + 2*j = r. What are the prime factors of k?
2, 11
Let m = -50 - -107. Let c = m - -78. List the prime factors of c.
3, 5
Let s = -18 - -25. Let v(k) = -k**2 + 7*k + 1. Let n be v(s). Suppose 0 = 5*j - 2*x - 349, x - n = -3. What are the prime factors of j?
3, 23
List the prime factors of (-6)/4 + 197080/16.
2, 3079
Suppose -7*n - 39646 = -50*n. What are the prime factors of n?
2, 461
Suppose -2*a = 6, 2*u - 4*u - 2*a + 462 = 0. Let z be 304/10*(-15)/3. Let s = z + u. List the prime factors of s.
2, 41
Let r be (-19)/(2/(-2)) + (-10)/2. Suppose -r*n + 1576 = -8112. What are the prime factors of n?
2, 173
Let a be 124/9 + (-2)/(-9). Suppose 0 = s + 2*n + 4, 2 = -n - 0*n. Suppose -a*q + 2*q + 2352 = s. List the prime factors of q.
2, 7
Let l(q) = 2*q**2 - 30*q + 11. Let j be l(27). Suppose 3*y + 92 = j. List the prime factors of y.
3, 7
Let u(j) = -343*j - 3081. What are the prime factors of u(-52)?
5, 13, 227
Let r(f) = 778*f + 526. List the prime factors of r(15).
2, 3049
Let c(v) = -10*v + 41. Let y be c(4). What are the prime factors of (5/(-20))/(y/(-376))?
2, 47
Let a(b) = -9*b**3 - 9*b**2 + 2*b + 161. Let z(k) = 4*k**3 + 5*k**2 - k - 80. Let y(p) = -3*a(p) - 7*z(p). What are the prime factors of y(0)?
7, 11
Let n(a) = a**2 + 6. Let s be n(-3). Suppose -g - 19 + 48 = -3*k, -3*k = -s. List the prime factors of g.
2, 11
Let h(s) be the third derivative of s**5/30 - s**4 + 4*s**3/3 - 3*s**2 - 6. What are the prime factors of h(-6)?
2, 7
Let r = -20387 - -41514. List the prime factors of r.
37, 571
Let t = 39 + -37. Suppose -t*z = -0*z. Suppose -5*b = 5*x - 550, 4*b = 3*x - z*x + 454. What are the prime factors of b?
2, 7
Let n be (1/(-2))/(8 + (-51576)/6448). Let r = 540 + n. List the prime factors of r.
137
Let l = -10 + 12. Suppose 2*j - 10 = -2. Suppose 4*y + 4*p = 444, l*y - j*p + p = 202. What are the prime factors of y?
107
Let p(a) = 10*a + 14. Let q be p(-6). Let v = q + 82. Let g = 16 + v. List the prime factors of g.
2, 13
Let k = -11810 + 19094. List the prime factors of k.
2, 3, 607
List the prime factors of (73*-67)/(-11*5/55).
67, 73
Let t be (-235)/45 + 5 - 112/(-18). Suppose t*c = 13 + 23. Suppose 655 + 347 = c*g. List the prime factors of g.
167
Suppose 5*a = -0*a - 5, -3*u + 4*a = -26575. List the prime factors of u.
17, 521
Suppose -2*h - 18486 = -2*v, 3*v + 3*h - 32287 = -4570. What are the prime factors of v?
9241
Let f(y) = -2*y**2 - 13*y - 6. Let i be f(-5). Let s be 51/i - 4/6. Suppose 4*d + p = 3*p + 190, -125 = -2*d - s*p. What are the prime factors of d?
2, 5
Let n(r) = 417*r**3 - 14*r**2 + 17*r - 30. What are the prime factors of n(4)?
2, 3, 7, 631
Let f be (-2)/6*(-20 - 1). Suppose -9*v + f*v = -2*u - 64, 6 = -3*u. List the prime factors of v/9*(-132)/(-10).
2, 11
Let b = -63 + 103. Let t(z) = z**3 + 4*z**2 - 7*z - 12. Let i be t(-6). Let v = b - i. What are the prime factors of v?
2, 41
Let h be (10/4 - -1) + (-27)/54. Suppose 2*f + x - 410 = 581, -488 = -f - h*x. List the prime factors of f.
7, 71
Suppose -518*w = -537*w + 451554. List the prime factors of w.
2, 3, 17, 233
Let z = -4991 + 9395. List the prime factors of z.
2, 3, 367
What are the prime factors of 15068 + (-27)/(-12)*-4 + 3/1?
2, 17, 443
Let y(d) = d**3 - d - 1. Let t(v) = 2*v**3 + 5*v**2 - v + 10. Let r(o) = -t(o) + y(o). Let b be r(-7). Suppose -285 = -11*l - b. List the prime factors of l.
2, 3
Suppose 90 + 56 = 2*h. Suppose -4*o - h = 51. Let t = o - -71. What are the prime factors of t?
2, 5
Let g = 62 + -59. Suppose -3*x - g*a - 651 - 255 = 0, 3*a = -4*x - 1208. Let b = x + 480. What are the prime factors of b?
2, 89
Let g = -1 - -4. Suppose 2*t = -4*u - 2*t + 12, -g = -3*t. Suppose k + l = 51, u*k = -5*l + 124 - 22. What are the prime factors of k?
3, 17
Suppose 26*l - 19*l - 161 = 0. Let u(t) = l - t + 20*t + 0 + 7. What are the prime factors of u(6)?
2, 3
Let l(z) = z**3 - 19*z**2 - 290*z - 46. What are the prime factors of l(31)?
2, 3, 13
Suppose 5*k = 4*s + 15, s + 5*k + 15 = 2*s. Let j(d) = -6*d + 17. Let v be j(s). Suppose 2*u - 1 = v. List the prime factors of u.
3, 13
Suppose -4*q = 2*i - 2, 5*q = -3*i + 7 - 0. Let d = i + -5. Suppose -4*o + 56 = -5*v - 305, -d*o - 3*v + 385 = 0. What are the prime factors of o?
2, 47
Suppose -1 = -3*j - 4*z, 1 = -2*j + 20*z - 21*z. List the prime factors of j/(-5) + 6552/65.
101
Suppose 0 = 4*f - 5*s - 15601, 1355 = -2*f - 2*s + 9169. List the prime factors of f.
2, 61
Let g(k) = 153*k**2 + 128*k - 40. What are the prime factors of g(22)?
2, 19207
Let q(u) = -4062*u + 1515. List the prime factors of q(-3).
3, 4567
List the prime factors of (17408 - -3) + -7 - (4 + 1 + 0).
127, 137
Suppose -21 = -4*s - 3*k, 0 = 4*s - 5*k - 34 + 5. Suppose -f + 7*f = 5*f. What are the prime factors of 6/s*(f - -45)?
3, 5
Let i be (2 - -4)*464/6. Suppose -4*l = -3*n + i, -2*n + l + 762 = 3*n. Suppose 2*f - 48 